5 = -5300. What is the tens digit of b?
1
What is the units digit of (840/(-21))/((-2)/4)?
0
Let g(i) = 5*i**3 + 9*i**2 + 6*i + 1. Let c be g(-6). What is the units digit of (-2)/(-12) + c/(-42)?
9
Suppose -4*t + 984 = -4*n, -2*t - 4*n - 74 = -542. What is the hundreds digit of t?
2
Let f = -26 - -102. Suppose -50*q + 3676 + 10624 = 0. Suppose q = 4*j - a - 0*a, 2*a = -j + f. What is the units digit of j?
2
Let k(x) = -4*x - 56. Let q be k(-15). What is the hundreds digit of 212 + -1 + q/8*0?
2
Suppose 1409 = -5*t + 3509. What is the units digit of t?
0
Suppose 5*v - 10 = -2*u, 3*v + 2*v = 10. Suppose -3*k + 594 = -u*k. What is the units digit of k?
8
Let z = 28 + -5. Suppose -2*f - 4 = -5*j, 3*f + 27 = -2*f + 4*j. Let u = f + z. What is the units digit of u?
6
Suppose 8 = 2*i - 2*q, -6 = 2*i + q + 1. What is the tens digit of i/(-3) + (-107)/(-3)?
3
Suppose -2*h = -5*k + 2*h - 17, 0 = -k - h - 7. Let i = -3 - k. Suppose q + i*q = 165. What is the tens digit of q?
5
What is the units digit of 1776/16*2/6?
7
Suppose -15*a + 11*a + 2636 = 0. What is the tens digit of a?
5
Let j(a) = -a**3 + 13*a**2 - 2*a + 52. What is the units digit of j(9)?
8
Suppose -3*z + 248*q + 50 = 243*q, 2 = -2*q. What is the units digit of z?
5
Let k(x) = x**2 - 20*x + 18. Let m be k(18). Let n = m - -19. What is the units digit of n?
1
Suppose -2*r - 6 = 0, 2*c + 18058 = 7*c - r. What is the units digit of c?
1
Suppose 0*r = -2*n - r + 62, 5*r - 20 = 0. Let a = 86 + n. What is the hundreds digit of a?
1
Let r = -25 - -34. Let b(n) = 30 - 10 + 2*n - 3*n. What is the units digit of b(r)?
1
Suppose -3*t - 6 = 3*r, -t + 2*r = -6*t + 2. Suppose -6*s - t*s = -376. What is the tens digit of s?
4
Let b(z) = z**3 - 7*z**2 + 7*z - 4. Let g be b(7). Suppose -4*o - 3*x = -111, -2*o = -2*x + 7 - g. Suppose 0 = -4*h + o + 36. What is the tens digit of h?
1
Suppose -686 = -3*u + 4*z - 0*z, 5*u = z + 1149. What is the hundreds digit of u?
2
Suppose 22735 = 5*h - 5*x, 3 - 13 = -2*x. What is the hundreds digit of h?
5
Let w(u) = -5*u**3 - u**2 + 9*u - 12. What is the hundreds digit of w(-5)?
5
Let p(h) = 3*h + 126. What is the units digit of p(-38)?
2
Suppose 3*t = t. Suppose -2*z - c + 79 = t, -5*c = -0*c - 5. Suppose 2*n - 31 = z. What is the tens digit of n?
3
Let b be 2988/21 - 16/56. Suppose r - 59 = -4*q, 3*r - 5*q = -10*q + b. What is the units digit of r?
9
Suppose -10 + 55 = 5*y. Let r(p) = 3*p - 2*p + 27 - y. What is the units digit of r(-9)?
9
Suppose -b = -62*p + 65*p - 3477, b - 2*p - 3482 = 0. What is the thousands digit of b?
3
Let v(n) = 160*n**2 - 9*n + 24. What is the tens digit of v(4)?
4
Let x(l) = -464*l + 204. What is the hundreds digit of x(-6)?
9
Let w(b) = 0*b + b**3 + b + 10 + 0*b**3. Suppose -2*y = 2*g, g + 2*g = y. What is the tens digit of w(g)?
1
Let i(j) = 3*j + 3. Let l be i(6). Let v = l + -18. What is the tens digit of (1 + v + 0)*4?
1
Let n be (-104)/(-6) + 16/(-12). What is the tens digit of -4 + ((-44)/n)/(2/(-104))?
3
Let w = -93 + 97. Suppose s = -w*t + 171, -2*s + 54 = 2*t - 288. What is the units digit of s?
1
Let o be ((-4)/(-3))/(14/5901). Suppose o - 160 = 2*y. What is the tens digit of y?
0
Suppose -4*t + 27 - 7 = 0. Suppose t*n - 4*n = 4. Suppose v = 36 + n. What is the units digit of v?
0
Let l = 36 + -33. Suppose 4*z - 300 = -4*m, 2*m - l*z = -4*z + 153. What is the units digit of m?
8
Let k be (-12)/(-16)*(-4)/1. Let h(a) = -a + 1. Let w(p) = -7*p. Let q(f) = -3*h(f) + w(f). What is the units digit of q(k)?
9
Let c = 206 + -111. Suppose y - c = -4*u, -105 = 2*y - 3*y - 2*u. What is the hundreds digit of y?
1
Let v(o) = -o**2 - 9*o + 11. Let q be v(-10). Suppose -t - 2*d - q = 0, -t - 4*d + 0 = -1. What is the units digit of 126/(-4)*2/t?
1
Let o = 34 + -20. Let a = o - -6. What is the units digit of a?
0
Let l(i) = -14 + 60*i + 55*i - 97*i. What is the units digit of l(5)?
6
Suppose -19 = -w - p, 5*w - 4*w + 3*p = 23. Let v = 60 + w. What is the units digit of v?
7
Suppose -4*k + 3*y + y + 24 = 0, 0 = k + 5*y - 12. Suppose 5*g + 22 = k*g. What is the units digit of g?
1
Let a = 75 + -75. Suppose a = 5*y - 172 - 8. What is the tens digit of y?
3
Let w be (-4)/14 - (-28)/98. Suppose w = 7*s - 2*s - 370. Let i = s - 52. What is the units digit of i?
2
Let j(q) = -12*q - 9*q**2 - 18 - 13 + 0*q - 4*q**3 + 3*q**3. What is the tens digit of j(-9)?
7
Let l be (-12)/((-6)/2) - -2. Let n = l + -1. Suppose -4*g + 2*g + 2*q + 48 = 0, n*q = 4*g - 99. What is the units digit of g?
1
Let p = 18 - 21. What is the units digit of ((-36)/16)/(p/104)?
8
Suppose 87 = 2*k + 63. Let y be (11/2)/((-1)/2). Let f = y + k. What is the units digit of f?
1
Let o be 25/15 + 3/9. Suppose 5*x - 5*n - 454 - 501 = 0, o*x - 3*n = 377. What is the units digit of x?
6
Suppose -190 = -3*q - 46. Suppose -y = 3*y - q. What is the tens digit of ((-92)/(-6))/(y/18)?
2
Let o(m) = 7*m + 231. Let l(k) = -10*k - 346. Let n(x) = -5*l(x) - 7*o(x). What is the units digit of n(0)?
3
Let z be ((-66)/8)/((-1)/(-4)). Let j be (50/(-3))/((-8)/(-12) + -1). Let d = j + z. What is the units digit of d?
7
Let o = -7 + 11. Suppose -31 - 13 = -o*g. Suppose a - g = -2*v + 50, 157 = 4*v - 5*a. What is the tens digit of v?
3
Let a be ((-6)/8)/(3/(-8)). Suppose -2*b - 2 = 0, -3*g - a*g = -2*b + 23. Let k = g + 21. What is the tens digit of k?
1
Suppose -18 = i - 23. Suppose -i*h = -7*h + 94. What is the units digit of h?
7
Let x(m) = m**2 - 9*m + 17. Let q be x(11). Suppose -k + 4*u + 10 = -29, k - q = -4*u. What is the tens digit of k?
3
Let w = -55 - -48. What is the units digit of (-20)/(-35) - 535/w?
7
What is the hundreds digit of (16/2)/((-44)/(-4312))?
7
Suppose -5*b + 180 = 2*v - 136, -v = 2*b - 127. What is the tens digit of (0 - b)/(0 + -2)?
3
Let g(v) = v**2 - v. Let p be g(-2). Suppose -255 = -p*u + 147. What is the tens digit of u?
6
Let v(g) = g**3 - 5*g**2 - 3*g + 3. Let w be v(5). Let f = 14 + w. Suppose -5*b + 58 = f*z, 3*z = -2*b + 18 + 69. What is the tens digit of z?
2
Suppose 0 = -b - 2*l + 41, 5*b - 4*l = 291 - 30. What is the units digit of b?
9
Suppose -5*a - 16*o = -17*o - 6666, 3*a = -4*o + 4018. What is the tens digit of a?
3
Let x be 2/((-1)/(39/6)). Let i(a) = -9*a. Let h(v) = -v - 1. Let s(l) = 15*h(l) - i(l). What is the units digit of s(x)?
3
Let g(q) = q**3 + 25*q**2 - 9*q - 27. What is the units digit of g(-13)?
8
Suppose 21*k - 6146 = 30142. What is the thousands digit of k?
1
Let p(j) = j**2 + 6*j + 5. Let b be p(-5). Suppose -3*d + 23 + 7 = b. Let a = 22 - d. What is the tens digit of a?
1
Let a be 1658 - 7/(35/(-25)). Suppose a - 493 = 5*h. What is the hundreds digit of h?
2
Let f(h) = 240*h**2 - 2*h - 2. Let a be f(-1). Suppose 0 = -4*u - u + a. What is the units digit of u?
8
Let v = -171 + 171. Suppose v = q - 123 - 126. What is the hundreds digit of q?
2
Suppose 3*n + 49 = -4*n. Let s(v) = -v**2 - 8*v + 9. What is the units digit of s(n)?
6
Let l be 4/10 + (-126)/(-35). What is the tens digit of 76*(-3)/(-10 + l)?
3
Suppose w = -3*t + 6, 0 = -2*t + w - 4*w - 3. Suppose -1 = -2*a + t. Suppose -5*m + 96 = 4*x, 0*m + a*m - 46 = -2*x. What is the units digit of x?
9
Let b(h) = 4*h - 47. Let f be b(17). Suppose k + 3*c - 8 = 0, 2*c = 7 + 1. Let s = k + f. What is the units digit of s?
7
Let p(g) = -2*g**3 + 39*g**2 - 12*g + 23. Let l(u) = -u**3 + 20*u**2 - 6*u + 11. Let i(k) = 11*l(k) - 6*p(k). What is the tens digit of i(14)?
6
Let s = 10439 + -6919. What is the hundreds digit of s?
5
Let c(t) be the first derivative of -5*t**2/2 - 5*t - 2. Let z be c(-5). Let n = -12 + z. What is the units digit of n?
8
Let c = 818 - 466. What is the tens digit of c?
5
Let u = -220 + 308. What is the tens digit of u?
8
Suppose 10581 + 11379 = 20*n. What is the tens digit of n?
9
Suppose -5*c = -4*k - 80, c = -3*c - 3*k + 95. Let a(v) = 42*v - 1. Let w be a(1). Let m = w - c. What is the units digit of m?
1
Let k be (-2)/3*(11 + -8). What is the tens digit of (-2)/k*77 - 1?
7
Suppose 0 = 5*z + 3*y - 8, -z - 3*y - 16 = -2*z. Let q be 18/z*16/24. Suppose i + 10 + 1 = 3*o, q*o = -2*i + 23. What is the units digit of i?
4
Let c = 26 + 26. Suppose -2*p = -0*p - 4. Suppose -2 - 6 = -4*i, -3*q - p*i = -c. What is the tens digit of q?
1
Let m = 3731 + -2586. What is the hundreds dig